{"id":886,"date":"2015-06-17T20:55:22","date_gmt":"2015-06-17T20:55:22","guid":{"rendered":"http:\/\/wir-sind-zeltlager.de\/?page_id=886"},"modified":"2015-06-17T21:03:11","modified_gmt":"2015-06-17T21:03:11","slug":"houston-wir-sind-wieder-gelandet","status":"publish","type":"page","link":"https:\/\/wir-sind-zeltlager.de\/?page_id=886","title":{"rendered":"Houston, wir sind wieder gelandet!"},"content":{"rendered":"<p>Nach elf Tagen in den unendlichen Weiten des Sauerlands ist die Crew des Zeltlagers der Pfarrgemeinde P\u00f6mbsen am 16. August wieder auf dem ostwestf\u00e4lischen Heimatplaneten gelandet. Unter dem Motto &#8222;Raumschiff Zeltlager &#8211; Auf Zu Neuen Z<del>W<\/del>elten&#8220; erlebte die 75-k\u00f6pfige Besatzung viele Abenteuer: Wie erkundeten fremde Planeten, reparierten Raumschiffe, trotzten schwarzen L\u00f6chern und genossen abends am Lagerfeuer gemeinsam den Blick in die Sterne. Einen der vielen H\u00f6hepunkte bot unsere Zwischenlandung im Freizeitpark Fort Fun. W\u00e4hrend unserer Reise durch fremde Galaxien versorgte uns die Belegschaft der K\u00fcche nicht mit Astronautennahrung, sondern mit vorz\u00fcglichen Kreationen unseres Heimatplaneten. Am Ende eines jeden anstrengenden und spannenden Tages versammelten wir uns am Lagerfeuer, um gemeinsam zu singen und zu spielen. Dabei durfte das selbst komponierte Lagerlied nat\u00fcrlich nicht fehlen.<\/p>\n<p>Zeltlager 2014 &#8211; over and out.<\/p>\n","protected":false},"excerpt":{"rendered":"<p>Nach elf Tagen in den unendlichen Weiten des Sauerlands ist die Crew des Zeltlagers der Pfarrgemeinde P\u00f6mbsen am 16. August wieder auf dem ostwestf\u00e4lischen Heimatplaneten gelandet. Unter dem Motto &#8222;Raumschiff Zeltlager &#8211; Auf Zu Neuen ZWelten&#8220; erlebte die 75-k\u00f6pfige Besatzung viele Abenteuer: Wie erkundeten fremde Planeten, reparierten Raumschiffe, trotzten schwarzen L\u00f6chern und genossen abends am Lagerfeuer gemeinsam den Blick in die Sterne. Einen der vielen H\u00f6hepunkte bot unsere Zwischenlandung im Freizeitpark Fort Fun. W\u00e4hrend unserer Reise durch fremde Galaxien versorgte uns die Belegschaft der K\u00fcche nicht mit Astronautennahrung, sondern mit vorz\u00fcglichen Kreationen unseres Heimatplaneten. Am Ende eines jeden anstrengenden und spannenden Tages versammelten wir uns am Lagerfeuer, um gemeinsam zu singen und zu spielen. Dabei durfte das selbst komponierte Lagerlied nat\u00fcrlich nicht fehlen. Zeltlager 2014 &#8211; over and out.<\/p>\n","protected":false},"author":2,"featured_media":0,"parent":51,"menu_order":17,"comment_status":"open","ping_status":"closed","template":"","meta":{"footnotes":""},"class_list":["post-886","page","type-page","status-publish","hentry"],"_links":{"self":[{"href":"https:\/\/wir-sind-zeltlager.de\/index.php?rest_route=\/wp\/v2\/pages\/886","targetHints":{"allow":["GET"]}}],"collection":[{"href":"https:\/\/wir-sind-zeltlager.de\/index.php?rest_route=\/wp\/v2\/pages"}],"about":[{"href":"https:\/\/wir-sind-zeltlager.de\/index.php?rest_route=\/wp\/v2\/types\/page"}],"author":[{"embeddable":true,"href":"https:\/\/wir-sind-zeltlager.de\/index.php?rest_route=\/wp\/v2\/users\/2"}],"replies":[{"embeddable":true,"href":"https:\/\/wir-sind-zeltlager.de\/index.php?rest_route=%2Fwp%2Fv2%2Fcomments&post=886"}],"version-history":[{"count":3,"href":"https:\/\/wir-sind-zeltlager.de\/index.php?rest_route=\/wp\/v2\/pages\/886\/revisions"}],"predecessor-version":[{"id":890,"href":"https:\/\/wir-sind-zeltlager.de\/index.php?rest_route=\/wp\/v2\/pages\/886\/revisions\/890"}],"up":[{"embeddable":true,"href":"https:\/\/wir-sind-zeltlager.de\/index.php?rest_route=\/wp\/v2\/pages\/51"}],"wp:attachment":[{"href":"https:\/\/wir-sind-zeltlager.de\/index.php?rest_route=%2Fwp%2Fv2%2Fmedia&parent=886"}],"curies":[{"name":"wp","href":"https:\/\/api.w.org\/{rel}","templated":true}]}}