{"id":808,"date":"2014-11-02T15:00:33","date_gmt":"2014-11-02T15:00:33","guid":{"rendered":"http:\/\/wir-sind-zeltlager.de\/?page_id=808"},"modified":"2014-11-02T15:00:33","modified_gmt":"2014-11-02T15:00:33","slug":"wiemeringhausen-2008-100-leben-100-zeltlager","status":"publish","type":"page","link":"https:\/\/wir-sind-zeltlager.de\/?page_id=808","title":{"rendered":"Wiemeringhausen 2008: 100% Leben \/ 100 % Zeltlager"},"content":{"rendered":"<p>Zeltlager 2008, 10 Jahre Zeltlager! Und so ging es mit 58 Kindern, Leitern und Kochfrauen vom 20.07.2008 bis 30.07.2008 in das sauerl\u00e4ndische Wiemeringhausen.<\/p>\n<p>Zum ersten Mal wurde auf Pflastersteinen gezeltet und ein Feuer in einem Feuerkorb errichtet. Ungewohnt, aber das hei\u00dft ja nicht, dass wir weniger Spa\u00df hatten. Dieses Jahr hatten wir das Thema 100% Leben, 100% Zeltlager, so dass wir jeden Tag (es waren ja 10 Tage) ein St\u00fcck Lagerfahne gestaltet haben, bis wir bei 100% angelangt waren. Neben Lagerolympiaden, neugeborenen Liedern (\u201eJede Zelle\u201c), dem selbstgeschriebenen Zeltlagerlied, Leitersuche und Gel\u00e4ndespielen ging es im diesj\u00e4hrigen Tagesausflug nach Fort Fun. Dort war nat\u00fcrlich 100% Leben angesagt. Da es ein Jubil\u00e4umszeltlager war, durften uns ehemalige Zeltlagerteilnehmer am Bergfest besuchen. Mit allen Zusammen haben wir einen Gottesdienst, den Herr R\u00f6ttger gehalten hat, gefeiert. Da die Sonne so herrlich strahlte, hatten einige von uns Kreislaufprobleme und mussten zum runterk\u00fchlen erstmal in die Halle. Um das tolle Wetter auszunutzen, durfte nat\u00fcrlich eine ordentliche Wasserschlacht, an der alle Kinder und fast alle Leiter teilgenommen haben, nicht fehlen.<\/p>\n<p>Und ehe man sich versah, war das Zeltlager schon wieder um, aber nach dem Zeltlager ist bekanntlich ja vor dem Zeltlager.<\/p>\n","protected":false},"excerpt":{"rendered":"<p>Zeltlager 2008, 10 Jahre Zeltlager! Und so ging es mit 58 Kindern, Leitern und Kochfrauen vom 20.07.2008 bis 30.07.2008 in das sauerl\u00e4ndische Wiemeringhausen. Zum ersten Mal wurde auf Pflastersteinen gezeltet und ein Feuer in einem Feuerkorb errichtet. Ungewohnt, aber das hei\u00dft ja nicht, dass wir weniger Spa\u00df hatten. Dieses Jahr hatten wir das Thema 100% Leben, 100% Zeltlager, so dass wir jeden Tag (es waren ja 10 Tage) ein St\u00fcck Lagerfahne gestaltet haben, bis wir bei 100% angelangt waren. Neben Lagerolympiaden, neugeborenen Liedern (\u201eJede Zelle\u201c), dem selbstgeschriebenen Zeltlagerlied, Leitersuche und Gel\u00e4ndespielen ging es im diesj\u00e4hrigen Tagesausflug nach Fort Fun. Dort war nat\u00fcrlich 100% Leben angesagt. Da es ein Jubil\u00e4umszeltlager war, durften uns ehemalige Zeltlagerteilnehmer am Bergfest besuchen. Mit allen Zusammen haben wir einen Gottesdienst, den Herr R\u00f6ttger gehalten hat, gefeiert. Da die Sonne so herrlich strahlte, hatten einige von uns Kreislaufprobleme und mussten zum runterk\u00fchlen erstmal in die Halle. Um das tolle Wetter auszunutzen, durfte nat\u00fcrlich eine ordentliche Wasserschlacht, an der alle Kinder und fast alle Leiter teilgenommen haben, nicht fehlen. Und ehe man sich versah, war das Zeltlager schon wieder um, aber nach dem Zeltlager ist bekanntlich ja vor dem Zeltlager.<\/p>\n","protected":false},"author":4,"featured_media":0,"parent":51,"menu_order":11,"comment_status":"open","ping_status":"closed","template":"","meta":{"footnotes":""},"class_list":["post-808","page","type-page","status-publish","hentry"],"_links":{"self":[{"href":"https:\/\/wir-sind-zeltlager.de\/index.php?rest_route=\/wp\/v2\/pages\/808","targetHints":{"allow":["GET"]}}],"collection":[{"href":"https:\/\/wir-sind-zeltlager.de\/index.php?rest_route=\/wp\/v2\/pages"}],"about":[{"href":"https:\/\/wir-sind-zeltlager.de\/index.php?rest_route=\/wp\/v2\/types\/page"}],"author":[{"embeddable":true,"href":"https:\/\/wir-sind-zeltlager.de\/index.php?rest_route=\/wp\/v2\/users\/4"}],"replies":[{"embeddable":true,"href":"https:\/\/wir-sind-zeltlager.de\/index.php?rest_route=%2Fwp%2Fv2%2Fcomments&post=808"}],"version-history":[{"count":1,"href":"https:\/\/wir-sind-zeltlager.de\/index.php?rest_route=\/wp\/v2\/pages\/808\/revisions"}],"predecessor-version":[{"id":809,"href":"https:\/\/wir-sind-zeltlager.de\/index.php?rest_route=\/wp\/v2\/pages\/808\/revisions\/809"}],"up":[{"embeddable":true,"href":"https:\/\/wir-sind-zeltlager.de\/index.php?rest_route=\/wp\/v2\/pages\/51"}],"wp:attachment":[{"href":"https:\/\/wir-sind-zeltlager.de\/index.php?rest_route=%2Fwp%2Fv2%2Fmedia&parent=808"}],"curies":[{"name":"wp","href":"https:\/\/api.w.org\/{rel}","templated":true}]}}