{"id":342,"date":"2013-04-03T19:57:35","date_gmt":"2013-04-03T19:57:35","guid":{"rendered":"http:\/\/wir-sind-zeltlager.de\/?page_id=342"},"modified":"2013-04-03T19:57:35","modified_gmt":"2013-04-03T19:57:35","slug":"12-oder-3","status":"publish","type":"page","link":"https:\/\/wir-sind-zeltlager.de\/?page_id=342","title":{"rendered":"1,2 oder 3"},"content":{"rendered":"<p>Wenn die Leiter beginnen, einige Tische in die Mitte des Raumens zu schieben, mit den St\u00fchlen im gro\u00dfz\u00fcgigen Halbkreis eine Arena formen und dann auch noch mit Klebeband auf dem Fu\u00dfboden die Ziffern 1,2 und 3 zu zaubern stehen zwei Sachen fest:<\/p>\n<p>1. Drau\u00dfen ist bescheidenes Wetter<\/p>\n<p>2. In wenigen Minuten wird eine wilde Schar von Leitern, begleitet von Michael Schanzes &#8222;1, 2 oder 3\u2026 Du musst Dich entscheiden, 3 Felder sind frei\u2026&#8220;, ratew\u00fctig den Raum betreten\u00a0 &#8211; in ihrer Mitte unser 1,2 oder 3 unser Maskottchen Fauchi mit seinen Freunden Ted Tatze und Piet Flosse.<\/p>\n<p>Von nun an hei\u00dft es: &#8222;1, 2 oder 3\u2026 letzte Chance&#8230; vorbei!&#8220;<\/p>\n<p>Drei Kinderteams und ein Leiterteam k\u00e4mpfen nun um den Titel des Ratek\u00f6nigs, denn: &#8222;Ob ihr wirklich richtig steht, seht ihr wenn das Licht angeht!&#8220; Damit bei der wilden Raterei auch nichts verloren geht zeichnen unsere Kamerakinder die ganze Szene nat\u00fcrlich auf &#8211; ganz dem Original nachempfunden! Und wer nicht live im Studio dabei war kann sich jetzt hier an den Bildern erfreuen!<\/p>\n<p>In diesem Sinne: &#8222;Spiel doch mit (spiel doch mit), sei dabei (sei dabei) bei 1, 2 oder dreiiiii!&#8220;<\/p>\n<p>&nbsp;<\/p>\n<p><a href=\"https:\/\/wir-sind-zeltlager.de\/wp-content\/uploads\/2013\/04\/DSC00951.jpg\"><img loading=\"lazy\" decoding=\"async\" class=\"alignnone size-medium wp-image-343\" alt=\"Kamerakind\" src=\"https:\/\/wir-sind-zeltlager.de\/wp-content\/uploads\/2013\/04\/DSC00951-300x225.jpg\" width=\"300\" height=\"225\" srcset=\"https:\/\/wir-sind-zeltlager.de\/wp-content\/uploads\/2013\/04\/DSC00951-300x225.jpg 300w, https:\/\/wir-sind-zeltlager.de\/wp-content\/uploads\/2013\/04\/DSC00951.jpg 1024w\" sizes=\"auto, (max-width: 300px) 100vw, 300px\" \/><\/a> <a href=\"https:\/\/wir-sind-zeltlager.de\/wp-content\/uploads\/2013\/04\/DSC00953.jpg\"><img loading=\"lazy\" decoding=\"async\" class=\"alignnone size-medium wp-image-344\" alt=\"Lichter\" src=\"https:\/\/wir-sind-zeltlager.de\/wp-content\/uploads\/2013\/04\/DSC00953-300x225.jpg\" width=\"300\" height=\"225\" srcset=\"https:\/\/wir-sind-zeltlager.de\/wp-content\/uploads\/2013\/04\/DSC00953-300x225.jpg 300w, https:\/\/wir-sind-zeltlager.de\/wp-content\/uploads\/2013\/04\/DSC00953.jpg 1024w\" sizes=\"auto, (max-width: 300px) 100vw, 300px\" \/><\/a> <a href=\"https:\/\/wir-sind-zeltlager.de\/wp-content\/uploads\/2013\/04\/DSC00981.jpg\"><img loading=\"lazy\" decoding=\"async\" class=\"alignnone size-medium wp-image-345\" alt=\"Kamerakind\" src=\"https:\/\/wir-sind-zeltlager.de\/wp-content\/uploads\/2013\/04\/DSC00981-300x225.jpg\" width=\"300\" height=\"225\" srcset=\"https:\/\/wir-sind-zeltlager.de\/wp-content\/uploads\/2013\/04\/DSC00981-300x225.jpg 300w, https:\/\/wir-sind-zeltlager.de\/wp-content\/uploads\/2013\/04\/DSC00981.jpg 1024w\" sizes=\"auto, (max-width: 300px) 100vw, 300px\" \/><\/a> <a href=\"https:\/\/wir-sind-zeltlager.de\/wp-content\/uploads\/2013\/04\/DSC01033.jpg\"><img loading=\"lazy\" decoding=\"async\" class=\"alignnone size-medium wp-image-346\" alt=\"Kamerakind\" src=\"https:\/\/wir-sind-zeltlager.de\/wp-content\/uploads\/2013\/04\/DSC01033-300x225.jpg\" width=\"300\" height=\"225\" srcset=\"https:\/\/wir-sind-zeltlager.de\/wp-content\/uploads\/2013\/04\/DSC01033-300x225.jpg 300w, https:\/\/wir-sind-zeltlager.de\/wp-content\/uploads\/2013\/04\/DSC01033.jpg 1024w\" sizes=\"auto, (max-width: 300px) 100vw, 300px\" \/><\/a> <a href=\"https:\/\/wir-sind-zeltlager.de\/wp-content\/uploads\/2013\/04\/DSC01049.jpg\"><img loading=\"lazy\" decoding=\"async\" class=\"alignnone size-medium wp-image-347\" alt=\"Gruppenfoto\" src=\"https:\/\/wir-sind-zeltlager.de\/wp-content\/uploads\/2013\/04\/DSC01049-300x225.jpg\" width=\"300\" height=\"225\" srcset=\"https:\/\/wir-sind-zeltlager.de\/wp-content\/uploads\/2013\/04\/DSC01049-300x225.jpg 300w, https:\/\/wir-sind-zeltlager.de\/wp-content\/uploads\/2013\/04\/DSC01049.jpg 1024w\" sizes=\"auto, (max-width: 300px) 100vw, 300px\" \/><\/a> <a href=\"https:\/\/wir-sind-zeltlager.de\/wp-content\/uploads\/2013\/04\/DSC01057.jpg\"><img loading=\"lazy\" decoding=\"async\" class=\"alignnone size-medium wp-image-348\" alt=\"Trubel\" src=\"https:\/\/wir-sind-zeltlager.de\/wp-content\/uploads\/2013\/04\/DSC01057-300x225.jpg\" width=\"300\" height=\"225\" srcset=\"https:\/\/wir-sind-zeltlager.de\/wp-content\/uploads\/2013\/04\/DSC01057-300x225.jpg 300w, https:\/\/wir-sind-zeltlager.de\/wp-content\/uploads\/2013\/04\/DSC01057.jpg 1024w\" sizes=\"auto, (max-width: 300px) 100vw, 300px\" \/><\/a> <a href=\"https:\/\/wir-sind-zeltlager.de\/wp-content\/uploads\/2013\/04\/DSC01064.jpg\"><img loading=\"lazy\" decoding=\"async\" class=\"alignnone size-medium wp-image-349\" alt=\"Fauchi\" src=\"https:\/\/wir-sind-zeltlager.de\/wp-content\/uploads\/2013\/04\/DSC01064-300x225.jpg\" width=\"300\" height=\"225\" srcset=\"https:\/\/wir-sind-zeltlager.de\/wp-content\/uploads\/2013\/04\/DSC01064-300x225.jpg 300w, https:\/\/wir-sind-zeltlager.de\/wp-content\/uploads\/2013\/04\/DSC01064.jpg 1024w\" sizes=\"auto, (max-width: 300px) 100vw, 300px\" \/><\/a><\/p>\n","protected":false},"excerpt":{"rendered":"<p>Wenn die Leiter beginnen, einige Tische in die Mitte des Raumens zu schieben, mit den St\u00fchlen im gro\u00dfz\u00fcgigen Halbkreis eine Arena formen und dann auch noch mit Klebeband auf dem Fu\u00dfboden die Ziffern 1,2 und 3 zu zaubern stehen zwei Sachen fest: 1. Drau\u00dfen ist bescheidenes Wetter 2. In wenigen Minuten wird eine wilde Schar von Leitern, begleitet von Michael Schanzes &#8222;1, 2 oder 3\u2026 Du musst Dich entscheiden, 3 Felder sind frei\u2026&#8220;, ratew\u00fctig den Raum betreten\u00a0 &#8211; in ihrer Mitte unser 1,2 oder 3 unser Maskottchen Fauchi mit seinen Freunden Ted Tatze und Piet Flosse. Von nun an hei\u00dft es: &#8222;1, 2 oder 3\u2026 letzte Chance&#8230; vorbei!&#8220; Drei Kinderteams und ein Leiterteam k\u00e4mpfen nun um den Titel des Ratek\u00f6nigs, denn: &#8222;Ob ihr wirklich richtig steht, seht ihr wenn das Licht angeht!&#8220; Damit bei der wilden Raterei auch nichts verloren geht zeichnen unsere Kamerakinder die ganze Szene nat\u00fcrlich auf &#8211; ganz dem Original nachempfunden! Und wer nicht live im Studio dabei war kann sich jetzt hier an den Bildern erfreuen! In diesem Sinne: &#8222;Spiel doch mit (spiel doch mit), sei dabei (sei dabei) bei 1, 2 oder dreiiiii!&#8220; &nbsp;<\/p>\n","protected":false},"author":4,"featured_media":0,"parent":31,"menu_order":0,"comment_status":"open","ping_status":"closed","template":"","meta":{"footnotes":""},"class_list":["post-342","page","type-page","status-publish","hentry"],"_links":{"self":[{"href":"https:\/\/wir-sind-zeltlager.de\/index.php?rest_route=\/wp\/v2\/pages\/342","targetHints":{"allow":["GET"]}}],"collection":[{"href":"https:\/\/wir-sind-zeltlager.de\/index.php?rest_route=\/wp\/v2\/pages"}],"about":[{"href":"https:\/\/wir-sind-zeltlager.de\/index.php?rest_route=\/wp\/v2\/types\/page"}],"author":[{"embeddable":true,"href":"https:\/\/wir-sind-zeltlager.de\/index.php?rest_route=\/wp\/v2\/users\/4"}],"replies":[{"embeddable":true,"href":"https:\/\/wir-sind-zeltlager.de\/index.php?rest_route=%2Fwp%2Fv2%2Fcomments&post=342"}],"version-history":[{"count":3,"href":"https:\/\/wir-sind-zeltlager.de\/index.php?rest_route=\/wp\/v2\/pages\/342\/revisions"}],"predecessor-version":[{"id":352,"href":"https:\/\/wir-sind-zeltlager.de\/index.php?rest_route=\/wp\/v2\/pages\/342\/revisions\/352"}],"up":[{"embeddable":true,"href":"https:\/\/wir-sind-zeltlager.de\/index.php?rest_route=\/wp\/v2\/pages\/31"}],"wp:attachment":[{"href":"https:\/\/wir-sind-zeltlager.de\/index.php?rest_route=%2Fwp%2Fv2%2Fmedia&parent=342"}],"curies":[{"name":"wp","href":"https:\/\/api.w.org\/{rel}","templated":true}]}}