{"id":1433,"date":"2022-09-04T12:14:08","date_gmt":"2022-09-04T10:14:08","guid":{"rendered":"http:\/\/wir-sind-zeltlager.de\/?page_id=1433"},"modified":"2022-09-04T12:14:08","modified_gmt":"2022-09-04T10:14:08","slug":"dinosaurier-in-einem-zelt-vor-unserer-zeit","status":"publish","type":"page","link":"https:\/\/wir-sind-zeltlager.de\/?page_id=1433","title":{"rendered":"Dinosaurier: In einem Zelt vor unserer Zeit"},"content":{"rendered":"\n<p>Nach zehn Tagen in einem \u201eZelt vor unserer Zeit\u201c sind die 36 Kinder und ihre 11 LeiterInnen aus der diesj\u00e4hrigen Ferienfreizeit der Pfarrgemeinde P\u00f6mbsen wiedergekehrt. Ihre Zeitreise brachte sie in die pr\u00e4historische Epoche des Dino-Dorfes Nehden im Sauerland. Die insgesamt 47 Zeitreisenden erlebten gemeinsam viele Abenteuer, unternahmen Expeditionen in entlegene Gebiete, betrieben Arch\u00e4ologie und kl\u00e4rten den Diebstahl einiger bedeutender Fossilien auf. Highlight der Reise in ein Zelt vor unserer Zeit war die Entdeckung des Lagunen-Erlebnisbads in Willingen, welches umfangreich von den TeilnehmerInnen erkundet wurde. Inmitten der gr\u00f6\u00dften Raubtiere, die jemals auf diesem Planeten gelebt haben, versorgte die eigene K\u00fcchenbelegschaft des Expeditionsteams die \u201ekleineren\u201c Raubtiere mit K\u00f6stlichkeiten aus der eigenen Zeitepoche.&nbsp;<\/p>\n\n\n\n<p>Die Abende wurden bei gutem Wetter, sternenklaren Himmel und reichlich Stockbrot am Lagerfeuer verbracht. Dort spielten und sangen die Expeditionsteilnehmer gemeinsam, wobei das selbst komponierte Lagerlied nat\u00fcrlich auch dieses Jahr wieder nicht zu \u00fcberh\u00f6ren war! Die Nachtwache besch\u00fctzte anschlie\u00dfend die Lagerfahne vor wilden Raubsauriern, die sich zu gen\u00fcgend in der Gegend tummelten.&nbsp;<\/p>\n","protected":false},"excerpt":{"rendered":"<p>Nach zehn Tagen in einem \u201eZelt vor unserer Zeit\u201c sind die 36 Kinder und ihre 11 LeiterInnen aus der diesj\u00e4hrigen Ferienfreizeit der Pfarrgemeinde P\u00f6mbsen wiedergekehrt. Ihre Zeitreise brachte sie in die pr\u00e4historische Epoche des Dino-Dorfes Nehden im Sauerland. Die insgesamt 47 Zeitreisenden erlebten gemeinsam viele Abenteuer, unternahmen Expeditionen in entlegene Gebiete, betrieben Arch\u00e4ologie und kl\u00e4rten den Diebstahl einiger bedeutender Fossilien auf. Highlight der Reise in ein Zelt vor unserer Zeit war die Entdeckung des Lagunen-Erlebnisbads in Willingen, welches umfangreich von den TeilnehmerInnen erkundet wurde. Inmitten der gr\u00f6\u00dften Raubtiere, die jemals auf diesem Planeten gelebt haben, versorgte die eigene K\u00fcchenbelegschaft des Expeditionsteams die \u201ekleineren\u201c Raubtiere mit K\u00f6stlichkeiten aus der eigenen Zeitepoche.&nbsp; Die Abende wurden bei gutem Wetter, sternenklaren Himmel und reichlich Stockbrot am Lagerfeuer verbracht. Dort spielten und sangen die Expeditionsteilnehmer gemeinsam, wobei das selbst komponierte Lagerlied nat\u00fcrlich auch dieses Jahr wieder nicht zu \u00fcberh\u00f6ren war! Die Nachtwache besch\u00fctzte anschlie\u00dfend die Lagerfahne vor wilden Raubsauriern, die sich zu gen\u00fcgend in der Gegend tummelten.&nbsp;<\/p>\n","protected":false},"author":2,"featured_media":0,"parent":51,"menu_order":22,"comment_status":"closed","ping_status":"closed","template":"","meta":{"footnotes":""},"class_list":["post-1433","page","type-page","status-publish","hentry"],"_links":{"self":[{"href":"https:\/\/wir-sind-zeltlager.de\/index.php?rest_route=\/wp\/v2\/pages\/1433","targetHints":{"allow":["GET"]}}],"collection":[{"href":"https:\/\/wir-sind-zeltlager.de\/index.php?rest_route=\/wp\/v2\/pages"}],"about":[{"href":"https:\/\/wir-sind-zeltlager.de\/index.php?rest_route=\/wp\/v2\/types\/page"}],"author":[{"embeddable":true,"href":"https:\/\/wir-sind-zeltlager.de\/index.php?rest_route=\/wp\/v2\/users\/2"}],"replies":[{"embeddable":true,"href":"https:\/\/wir-sind-zeltlager.de\/index.php?rest_route=%2Fwp%2Fv2%2Fcomments&post=1433"}],"version-history":[{"count":2,"href":"https:\/\/wir-sind-zeltlager.de\/index.php?rest_route=\/wp\/v2\/pages\/1433\/revisions"}],"predecessor-version":[{"id":1435,"href":"https:\/\/wir-sind-zeltlager.de\/index.php?rest_route=\/wp\/v2\/pages\/1433\/revisions\/1435"}],"up":[{"embeddable":true,"href":"https:\/\/wir-sind-zeltlager.de\/index.php?rest_route=\/wp\/v2\/pages\/51"}],"wp:attachment":[{"href":"https:\/\/wir-sind-zeltlager.de\/index.php?rest_route=%2Fwp%2Fv2%2Fmedia&parent=1433"}],"curies":[{"name":"wp","href":"https:\/\/api.w.org\/{rel}","templated":true}]}}